 = -250606*p - 250606. Calculate u(-1).
0
Let l(c) = -31*c**3 - 681*c**2 + 92*c + 1521. What is l(-22)?
-19
Let h(x) = -70112*x - 19280806. Give h(-275).
-6
Let l(g) = 5287*g - 417511. Determine l(79).
162
Let x(h) = -h**3 - 23*h**2 - 195*h - 3577. Give x(-24).
1679
Let p(n) = 54*n**2 + 1090*n - 914. Determine p(-21).
10
Let h(j) = 20*j**3 - 2*j**2 - 36*j - 52. Give h(-3).
-502
Let f(w) = 21*w**3 - 10*w**2 - 7*w - 19. Determine f(-2).
-213
Let t(l) = 10321*l + 73250. Determine t(-7).
1003
Let r(s) = -2*s**3 - 480*s**2 - 915*s + 8849. Calculate r(-238).
43
Let t(m) = 33*m**2 - 399*m - 4341. Calculate t(19).
-9
Let t(v) = -v**3 - 30*v**2 + 66*v + 1802. What is t(-30)?
-178
Let i(y) = y**3 + 5*y**2 - 60*y + 187. Give i(-12).
-101
Let d(k) = -k**3 - 3*k**2 - 18019*k + 108446. Calculate d(6).
8
Let q(b) = b**3 - 24*b**2 + 134*b - 272. What is q(9)?
-281
Let v(j) = j**2 + 79*j - 11779. What is v(76)?
1
Let d(u) = -451*u**2 + 145*u + 287. Calculate d(-2).
-1807
Let s(k) = 1955*k + 572832. Determine s(-293).
17
Let u(p) = 9*p**3 + 1279*p**2 - 16474*p + 624. Give u(-154).
8
Let p(u) = 29885*u - 657498. Determine p(22).
-28
Let j(t) = -2*t**2 - 280*t + 997. Give j(-129).
3835
Let j(v) = -185376*v - 15386215. Give j(-83).
-7
Let q(w) = -w**3 - 9*w**2 + 194*w + 1213. Give q(-6).
-59
Let g(p) = -p**2 + 184604*p + 553816. What is g(-3)?
-5
Let k(l) = 6*l**2 - 2528*l + 3597. Determine k(420).
237
Let b(p) = 2582*p + 32715. What is b(-13)?
-851
Let n(r) = -2539*r - 310. What is n(-1)?
2229
Let w(l) = -292*l**2 - 10961*l + 5134. Give w(-38).
4
Let q(x) = -x**3 + 116*x**2 + 5073*x - 1214. Calculate q(-34).
-296
Let z(k) = -35473*k - 106426. Calculate z(-3).
-7
Let q(m) = 288*m + 37083. Calculate q(-129).
-69
Let n(z) = 72*z**2 - 315*z - 131. What is n(6)?
571
Let x(q) = -5*q**2 - 9643*q - 48194. Calculate x(-5).
-104
Let r(l) = -1866*l + 147428. What is r(79)?
14
Let r(c) = c**2 + 3581*c - 21430. Determine r(6).
92
Let j(n) = 28656*n - 687598. Determine j(24).
146
Let i(h) = -h**3 - 335*h**2 - 14018*h - 910. Give i(-286).
234
Let m(p) = 3357*p**2 + 19517*p - 3744. What is m(-6)?
6
Let n(g) = g**3 - 29*g**2 - 71*g + 176. Give n(31).
-103
Let y(q) = 111*q**2 + 1012*q - 1031. What is y(1)?
92
Let p(j) = j**3 + 145*j**2 + 124*j + 17944. What is p(-145)?
-36
Let g(a) = a**3 - 5*a**2 - 179*a + 101. Determine g(15).
-334
Let u(i) = -i**3 + 11*i**2 + 51*i + 543. What is u(16)?
79
Let p(t) = -5852*t - 1094306. Determine p(-187).
18
Let n(d) = -38*d**2 - 2399*d + 16962. Determine n(7).
-1693
Let l(u) = -u**2 - 108*u + 2242. Determine l(17).
117
Let n(m) = m**3 + 134*m**2 - 4532*m - 130. What is n(28)?
-18
Let g(b) = 2*b**3 + 155*b**2 + 2812*b - 2197. Calculate g(-31).
4
Let r(d) = 2566766*d + 15400641. Give r(-6).
45
Let z(s) = 6954*s + 236449. What is z(-34)?
13
Let d(c) = 737*c + 106902. Calculate d(-145).
37
Let d(s) = 13*s**2 + 31*s - 91. Determine d(4).
241
Let r(m) = -4252*m - 284953. Calculate r(-67).
-69
Let q(z) = z**3 - 70*z**2 - 126*z - 461. What is q(72)?
835
Let x(a) = -a**2 + 4*a + 764. Calculate x(-25).
39
Let v(j) = -3*j**3 - 202*j**2 - 72*j - 1193. What is v(-67)?
-858
Let y(o) = -2*o**3 - 344*o**2 + 702*o + 296. Give y(-174).
-748
Let n(t) = -7*t**3 + 1511*t**2 + 3270*t - 5. Give n(218).
-5
Let q(y) = y**2 - 1038*y + 147544. What is q(170)?
-16
Let f(g) = 3*g**2 - 80*g - 13508. Give f(82).
104
Let h(f) = 143*f - 1995. Calculate h(25).
1580
Let n(b) = 38215*b + 764317. Calculate n(-20).
17
Let o(f) = 15375*f - 45956. What is o(3)?
169
Let m(o) = 348087*o - 347924. Give m(1).
163
Let q(u) = 77426*u + 2477616. Determine q(-32).
-16
Let g(f) = -28717*f - 110999. What is g(-4)?
3869
Let j(y) = 46*y**2 - 7646*y - 6062. Determine j(167).
-50
Let o(s) = -3155*s + 1362993. What is o(432)?
33
Let j(b) = -571*b + 52610. What is j(92)?
78
Let g(f) = -f**3 + 31*f**2 - 1312*f + 34434. Determine g(28).
50
Let x(m) = 9*m**2 - 460*m - 3002. Give x(57).
19
Let z(a) = 4523*a - 36781. What is z(9)?
3926
Let n(v) = -346818*v - 693670. Calculate n(-2).
-34
Let q(g) = 5*g**2 + 285*g - 8410. Calculate q(22).
280
Let b(k) = -1456*k**3 + k**2 - 232*k - 234. Determine b(-1).
1455
Let r(z) = -4103*z - 209237. Give r(-51).
16
Let g(t) = -17*t - 1189. Calculate g(-56).
-237
Let n(r) = -r**2 - 216*r - 2617. Determine n(-12).
-169
Let d(b) = -1524*b + 25961. Determine d(17).
53
Let j(p) = p**2 - 54430*p - 598857. Give j(-11).
-6
Let c(u) = 189*u - 14890. Determine c(74).
-904
Let i(s) = 7*s**2 + 1283*s - 11514. Give i(9).
600
Let g(h) = 3*h**2 - 3998*h + 39771. Calculate g(10).
91
Let c(v) = 434*v + 3357. What is c(-5)?
1187
Let t(n) = -62590*n + 751101. Determine t(12).
21
Let h(x) = x**3 - 64*x**2 + 422*x - 18469. Calculate h(62).
7
Let a(v) = -18*v**2 + 331*v - 2210. Give a(7).
-775
Let j(k) = k**3 + 73*k**2 + 68*k + 208. Determine j(-72).
496
Let a(h) = 21*h**3 + 17*h**2 - 17*h - 3. What is a(1)?
18
Let t(i) = -1032*i + 110491. Give t(107).
67
Let q(j) = -j**3 + 143*j**2 + 2710*j - 395. What is q(160)?
-1995
Let q(m) = 17*m**2 + 1567*m + 3324. What is q(-90)?
-6
Let c(g) = 60*g - 2778. Give c(33).
-798
Let a(m) = -25*m + 3822. Determine a(161).
-203
Let i(g) = -329216*g - 2962948. Give i(-9).
-4
Let z(u) = 17*u**2 + 942*u - 1901. Determine z(2).
51
Let j(g) = 3734*g + 1344226. Calculate j(-360).
-14
Let p(m) = 451*m - 191. Give p(1).
260
Let b(k) = -60036*k - 660394. Give b(-11).
2
Let g(a) = 34948*a + 245308. What is g(-7)?
672
Let c(b) = 60*b**2 + 1560*b - 6342. Give c(4).
858
Let z(x) = -x**3 - 470*x**2 - 10709*x - 2232. Give z(-446).
-2
Let f(a) = -366*a**2 + 3732*a - 3360. Give f(1).
6
Let x(y) = 3*y**2 - 1381*y - 101859. Calculate x(525).
-9
Let h(b) = -b**3 - 38*b**2 - 3*b - 422. Calculate h(-39).
1216
Let a(v) = -119*v**2 - 243*v - 34. Determine a(-2).
-24
Let l(x) = 3*x**3 - 117*x**2 + 8*x - 517. Give l(39).
-205
Let a(w) = -w**3 - 36*w**2 - 6*w - 146. Calculate a(-36).
70
Let q(p) = -7955*p - 150516. Determine q(-19).
629
Let n(c) = -170619*c - 1194367. Calculate n(-7).
-34
Let s(m) = -6*m**3 + m**2 - 38*m - 91. Determine s(-2).
37
Let u(o) = 2*o**3 + 3*o**2 + 56*o + 181. Determine u(-3).
-14
Let x(h) = 44692*h - 1385524. Give x(31).
-72
Let i(v) = -938*v**2 - 716*v - 9. What is i(-1)?
-231
Let c(j) = -47933*j + 431372. Calculate c(9).
-25
Let q(h) = h**2 + 339*h + 28618. What is q(-160)?
-22
Let i(w) = -41110*w + 7. What is i(0)?
7
Let d(t) = 3*t**2 - 575*t - 459268. What is d(-307)?
4
Let q(a) = -2*a**2 - 78*a + 520. Give q(-43).
176
Let f(k) = -785*k + 264514. Determine f(337).
-31
Let p(l) = -4*l**2 + 26875*l + 53747. Give p(-2).
-19
Let h(i) = -i**2 - 80*i + 83654. Calculate h(252).
-10
Let n(b) = -95*b**2 + 13780*b - 557. Determine n(145).
168
Let b(c) = -148289*c - 444827. Calculate b(-3).
40
Let w(m) = -9*m**2 - 98*m - 91. Calculate w(8).
-1451
Let u(y) = -2*y**3 + 73*y**2 - 468*y - 3851. Determine u(20).
-11
Let l(d) = -2*d**3 - 871*d**2 - 4758*d - 12097. Calculate l(-430).
-57
Let y(a) = 2600*a - 26495. Give y(10).
-495
Let n(x) = -4234*x**2 - 38094*x + 8. Determine n(-9).
-100
Let d(m) = 14390*m**2 - 86393*m + 322. What is d(6)?
4
Let z(i) = 100*i**2 - 20*i + 90. Give z(4).
1610
Let b(j) = -1327*j - 32634. Determine b(-24).
-786
Let h(g) = 78*g**3 + 201*g**2 - 302*g + 26. Give h(1).
3
Let c(x) = 68*x**2 + 389*x + 328. Give c(-5).
83
Let r(y) = 9*y + 3569. What is r(113)?
4586
Let a(g) = 16343*g - 408563. Give a(25).
12
Let p(x) = -x**3 - 40*x**2 + 2373*x - 106. Give p(-72).
-5074
Let t(n) = -2*n**2 - 424*n - 22643. Give t(-111).
-221
Let z(a) = 108*a - 9513. Determine z(104).
1719
Let r(h) = -9*h**3 - 3314*h**2 - 714*h + 8097. What is r(-368)?
1
Let c(x) = 209896*x - 5457298. Give c(26).
-2
Let l(b) = -955*b + 96404. Determine l(101).
-51
Let i(a) = 45*a - 1086. Give i(7).
-771
Let s(h) = 94*h**2 + 776*h + 196. Give s(-8).
4
Let t(v) = v**3 + 635*v**2 + 61410*v + 716. What is t(-119)?
2
Let q(g) = g**2 - 81*g + 2375. What is q(60)?
1115
Let y(n) = 5*n**3 - 76*n**2 + 90*n - 48. What is y(14)?
36
Let l(v) = -v**3 - 11*v**2 - 395*v - 2287. Calculate l(-6).
-97
Let y(l) = -l**2 + 198*l - 7207. Determine y(150).
-7
Let f(z) = -2*z**3 + 179*z**2 - 20073*z + 1814666. Calculate f(90).
-4
Let n(a) = 39*a**2 + 4160*a + 274. What is n(-107)?
1665
Let a(c) = c**2 + 8